actor of 325258 and 6?
2
What is the greatest common factor of 1009 and 1405537?
1009
Calculate the greatest common divisor of 16515 and 270.
45
Calculate the greatest common factor of 440 and 81125.
55
What is the greatest common factor of 7293 and 1309?
187
Calculate the highest common factor of 11435 and 20.
5
What is the highest common divisor of 186 and 7626?
186
Calculate the highest common factor of 2091 and 125952.
123
What is the highest common factor of 282 and 99734?
94
Calculate the highest common divisor of 236975 and 25.
25
What is the highest common divisor of 61523 and 2961?
329
What is the greatest common divisor of 1068764 and 276?
92
Calculate the highest common factor of 112 and 7084.
28
What is the highest common divisor of 55044 and 54?
18
What is the greatest common factor of 278808 and 120?
24
What is the highest common factor of 469 and 70551?
67
Calculate the highest common divisor of 53 and 132924.
53
Calculate the greatest common divisor of 1670 and 1035734.
334
Calculate the highest common factor of 5799 and 657.
3
What is the greatest common divisor of 750113 and 364?
91
Calculate the highest common factor of 12206 and 238.
34
Calculate the greatest common divisor of 44776 and 928.
232
What is the highest common divisor of 494 and 28899?
247
What is the greatest common factor of 135120 and 1410?
30
Calculate the highest common divisor of 434 and 63.
7
Calculate the greatest common divisor of 63 and 14121.
9
What is the greatest common factor of 1469273 and 13?
13
Calculate the highest common factor of 6231 and 25761.
93
What is the greatest common divisor of 171175 and 42025?
1025
What is the greatest common divisor of 35140 and 7840?
140
Calculate the greatest common factor of 12 and 56229.
3
What is the greatest common factor of 732 and 7436388?
732
Calculate the highest common factor of 45326 and 5240.
262
What is the greatest common divisor of 8947 and 1794?
23
Calculate the greatest common divisor of 9823 and 376.
47
Calculate the highest common factor of 115690 and 138.
46
What is the highest common divisor of 1067 and 935?
11
What is the greatest common divisor of 2724896 and 1088?
544
What is the greatest common divisor of 96 and 189768?
24
What is the greatest common divisor of 37 and 420505?
37
What is the highest common divisor of 16182 and 1218?
174
What is the highest common divisor of 390548 and 49118?
1198
Calculate the greatest common factor of 115383 and 3.
3
What is the highest common factor of 7102 and 1166?
106
Calculate the greatest common divisor of 25839 and 638.
319
Calculate the highest common divisor of 1887 and 4947.
51
What is the greatest common factor of 269504 and 64?
64
Calculate the highest common divisor of 83484 and 486.
54
Calculate the highest common divisor of 28203 and 244902.
357
Calculate the highest common divisor of 1117432 and 32.
8
What is the highest common factor of 113 and 654383?
113
What is the greatest common factor of 296 and 60902?
74
What is the highest common factor of 30 and 60965?
5
Calculate the highest common factor of 123 and 121647.
123
What is the greatest common factor of 550327 and 1765?
353
Calculate the highest common factor of 49584 and 204.
12
Calculate the greatest common factor of 230 and 2599.
23
What is the highest common factor of 1130451 and 21?
21
What is the highest common factor of 2604 and 126588?
84
Calculate the highest common divisor of 1502537 and 508.
127
What is the highest common divisor of 2101 and 55?
11
Calculate the greatest common divisor of 68 and 949178.
34
What is the greatest common factor of 1054370 and 10?
10
What is the greatest common divisor of 94758 and 17?
17
What is the highest common divisor of 200 and 2960?
40
Calculate the highest common divisor of 465 and 1905.
15
Calculate the highest common factor of 11664 and 2304.
144
What is the highest common divisor of 76 and 1620?
4
Calculate the highest common factor of 8646 and 2112.
66
Calculate the highest common factor of 13881 and 303.
3
What is the highest common divisor of 6 and 23898?
6
Calculate the greatest common factor of 825352 and 2656.
664
What is the highest common divisor of 1743800 and 300?
100
What is the highest common divisor of 8976 and 3876?
204
Calculate the highest common factor of 992196 and 9.
9
Calculate the greatest common divisor of 72 and 187040.
8
What is the highest common divisor of 65741 and 13226?
389
Calculate the greatest common divisor of 569155 and 8455.
445
Calculate the highest common factor of 23997 and 188187.
1263
What is the highest common factor of 1111 and 17171?
11
Calculate the highest common divisor of 3626 and 2009.
49
What is the highest common divisor of 23004 and 180?
36
Calculate the greatest common factor of 192 and 447728.
16
What is the greatest common factor of 912 and 160464?
48
Calculate the highest common factor of 9468 and 54.
18
What is the highest common divisor of 540 and 6048180?
180
What is the highest common factor of 16298 and 121392?
562
Calculate the greatest common divisor of 80 and 1082720.
80
Calculate the highest common divisor of 14034 and 24.
6
Calculate the greatest common factor of 50274 and 1134.
378
What is the highest common divisor of 652 and 206358?
326
Calculate the highest common factor of 9225 and 8625.
75
What is the greatest common factor of 37593 and 27?
9
Calculate the greatest common divisor of 15 and 148980.
15
Calculate the highest common factor of 246546 and 54.
18
What is the highest common factor of 10329 and 59783?
313
What is the highest common divisor of 14 and 986398?
14
What is the highest common divisor of 1192 and 1980955?
149
Calculate the greatest common factor of 581484 and 6768.
564
What is the greatest common factor of 3782224 and 1164?
388
What is the greatest common divisor of 2880 and 11745?
45
What is the greatest common factor of 32776 and 24?
8
What is the highest common factor of 9352 and 56?
56
What is the greatest common divisor of 17244 and 54?
18
Calculate the highest common divisor of 2160 and 230256.
432
What is the highest common divisor of 74665 and 545?
545
What is the highest common divisor of 43 and 2347241?
43
What is the highest common divisor of 60620 and 80?
20
What is the highest common divisor of 2072634 and 798?
114
Calculate the greatest common divisor of 1651 and 1397.
127
Calculate the highest common divisor of 270 and 169695.
135
What is the highest common factor of 43253 and 33411?
259
Calculate the highest common factor of 3535 and 1295.
35
What is the highest common divisor of 64837 and 483?
23
Calculate the highest common factor of 85414 and 14.
14
Calculate the greatest common factor of 22700 and 100.
100
What is the highest common factor of 100489 and 31066?
317
Calculate the highest common factor of 54 and 9891.
9
What is the highest common factor of 126 and 52227?
63
Calculate the greatest common divisor of 40 and 111260.
20
Calculate the greatest common divisor of 420158 and 4210.
842
What is the greatest common divisor of 9047 and 498?
83
What is the greatest common factor of 526 and 1841789?
263
Calculate the highest common divisor of 46572 and 36.
12
Calculate the highest common factor of 35785 and 170.
85
What is the greatest common factor of 46956 and 63?
21
Calculate the highest common divisor of 504 and 8092.
28
Calculate the highest common divisor of 699019 and 93.
31
What is the highest common divisor of 1479 and 44544?
87
Calculate the highest common factor of 67 and 111019.
67
What is the greatest common divisor of 1612 and 3472?
124
Calculate the greatest common divisor of 175 and 3395.
35
What is the highest common divisor of 27880 and 204?
68
What is the greatest common factor of 16648 and 112?
8
What is the greatest common factor of 35301 and 21?
21
What is the highest common factor of 95221 and 427?
427
Calculate the greatest common divisor of 844 and 17935.
211
What is the greatest common divisor of 12 and 45642?
6
What is the greatest common factor of 1887 and 14208?
111
What is the highest common factor of 636 and 4200?
12
What is the highest common divisor of 21 and 5127?
3
Calculate the highest common factor of 186 and 111414.
186
Calculate the greatest common divisor of 104 and 14573.
13
What is